what is -366 + 207?
-15a
In base 9, what is 105 - 15875?
-15770
In base 15, what is -4784 + 78?
-470b
In base 11, what is -3 + 6117?
6114
In base 5, what is 1010 - 12210?
-11200
In base 3, what is -2111122110210 - -12?
-2111122110121
In base 13, what is -64b + -23?
-671
In base 4, what is -21120 + 1130?
-13330
In base 16, what is 1c + feb?
1007
In base 16, what is -4 + 30e3?
30df
In base 6, what is -234145 + 3?
-234142
In base 7, what is 211620 - 1?
211616
In base 3, what is 1021200 - 10012?
1011111
In base 9, what is -5 + 274081?
274075
In base 11, what is -282 + -51?
-323
In base 3, what is 21202 + -21101?
101
In base 5, what is -24403342 + 0?
-24403342
In base 15, what is -2 + c3a95?
c3a93
In base 16, what is -621 - 38?
-659
In base 9, what is -24124 - 2?
-24126
In base 16, what is -1 - -5bf4?
5bf3
In base 2, what is -10101000110010110 - 11101?
-10101000110110011
In base 15, what is 483a + 12?
484c
In base 4, what is -101030 - 33?
-101123
In base 7, what is -440 - 1444?
-2214
In base 7, what is -4 - 612005?
-612012
In base 11, what is -65 - 1aa7?
-2061
In base 10, what is 95199 + 9?
95208
In base 16, what is 8c356 - 4?
8c352
In base 8, what is -5 + -13427?
-13434
In base 5, what is -1013410 - 1?
-1013411
In base 5, what is -212134 + 24?
-212110
In base 4, what is 10123112221 - -2?
10123112223
In base 4, what is -3 + -10023330111?
-10023330120
In base 4, what is -223232000000 - -11?
-223231333323
In base 6, what is -3222 - 23?
-3245
In base 8, what is -23 - 11443?
-11466
In base 12, what is -400 - 53?
-453
In base 5, what is 0 + 220321?
220321
In base 9, what is 2 - -20513?
20515
In base 8, what is 233221 - 17?
233202
In base 14, what is 2 - -219126?
219128
In base 15, what is -cbb + a?
-cb1
In base 11, what is -428 + 46?
-392
In base 8, what is 26 + -6?
20
In base 10, what is 852696 + -1?
852695
In base 8, what is 12 + 16653?
16665
In base 4, what is 2001032 - -120?
2001212
In base 6, what is -35 + 1453510?
1453431
In base 4, what is -10 + -10313230132?
-10313230202
In base 9, what is 102158 - 2?
102156
In base 2, what is -110011110 + -11111?
-110111101
In base 3, what is -102 - 20010121?
-20011000
In base 15, what is -252a30 - -1?
-252a2e
In base 14, what is 1a7 - 2075?
-1cac
In base 8, what is -3 - 42173?
-42176
In base 2, what is -10101010110001100111 + -10?
-10101010110001101001
In base 2, what is 1111000011111 + 10010?
1111000110001
In base 13, what is -132c03 - 1?
-132c04
In base 5, what is -4 + -33240110?
-33240114
In base 2, what is -1010 + 110011001111?
110011000101
In base 10, what is -18 + -1125?
-1143
In base 8, what is -456 + 312?
-144
In base 14, what is -8 + -b1bb?
-b1c5
In base 12, what is -a - -5075b?
50751
In base 5, what is -2004004 - -2?
-2004002
In base 5, what is 240202 + -202?
240000
In base 12, what is 2728b + -7?
27284
In base 11, what is 10 - -653?
663
In base 3, what is 2 - -211101221?
211102000
In base 10, what is 674 - 12?
662
In base 9, what is -3 - -21853?
21850
In base 14, what is -268 + 26?
-242
In base 4, what is -133230 + -211?
-200101
In base 14, what is -7 - 2071?
-2078
In base 8, what is -7327174 + -4?
-7327200
In base 10, what is -4 + 124503?
124499
In base 3, what is -11 + 1012102210?
1012102122
In base 8, what is -1 - -173437?
173436
In base 14, what is -3c - -49a0?
4962
In base 7, what is 46405 - 46?
46326
In base 9, what is -1 + -125242?
-125243
In base 4, what is -102 - 3320021?
-3320123
In base 10, what is 57921 + 3?
57924
In base 4, what is -220202 - 30030?
-310232
In base 5, what is -113330202 + -1?
-113330203
In base 13, what is -2 - 5147b?
-51480
In base 16, what is 0 - -6a5?
6a5
In base 8, what is -21107 + -3?
-21112
In base 6, what is -2134 + 2232?
54
In base 5, what is -34 + 31104?
31020
In base 7, what is 11 - -12623?
12634
In base 7, what is 4 - 141133?
-141126
In base 15, what is -209c + 61?
-203b
In base 13, what is -1587 + -4c?
-1606
In base 15, what is 1 - 41369?
-41368
In base 9, what is -2 + -508255?
-508257
In base 5, what is -13221 + -14?
-13240
In base 13, what is -58a - 39a?
-957
In base 14, what is 39517 - -1?
39518
In base 2, what is -10 + 1101001001110011011?
1101001001110011001
In base 5, what is 401023 - -3?
401031
In base 14, what is -26 + -7895?
-78bb
In base 6, what is 112524 + -5?
112515
In base 5, what is 40243224 + 3?
40243232
In base 12, what is -3 - -a9961?
a995a
In base 12, what is 4353b - 5?
43536
In base 14, what is 38 + 67b9?
6813
In base 2, what is -10011 + -1000000010100110?
-1000000010111001
In base 5, what is 2 + -24440?
-24433
In base 14, what is a19 + 0?
a19
In base 6, what is -400 + 201211?
200411
In base 2, what is -1 - -101110010101110?
101110010101101
In base 16, what is -2 + -367e?
-3680
In base 5, what is 4 + 2440142?
2440201
In base 7, what is 3 - -3443254?
3443260
In base 3, what is -11022 - 1110122?
-1121221
In base 10, what is -18 - 16322?
-16340
In base 12, what is -2 - -118227?
118225
In base 9, what is -7 - -582?
574
In base 9, what is 13014 - -33?
13047
In base 11, what is 86 + -3532?
-3457
In base 16, what is 26 + -83?
-5d
In base 2, what is 1011010010101 - -1011?
1011010100000
In base 16, what is -290 + -f9?
-389
In base 15, what is -51d6 + 30?
-51a6
In base 4, what is 1101302 - -12?
1101320
In base 2, what is -1001000 + 1011100101010?
1011011100010
In base 6, what is 1330 + 21013?
22343
In base 8, what is 26075 - -304?
26401
In base 4, what is -103002222 - 11?
-103002233
In base 15, what is 4 + 42626?
4262a
In base 16, what is 0 - 26?
-26
In base 12, what is -1 + -69ab6?
-69ab7
In base 12, what is 3 - 813035?
-813032
In base 6, what is 525212 + -5?
525203
In base 5, what is 1011 - -434414?
440430
In base 3, what is 12 + -102021110010?
-102021102221
In base 3, what is 2110220 - 121?
2110022
In base 5, what is 1 + -1300314?
-1300313
In base 13, what is 756 + a94?
151a
In base 15, what is -35 - -426?
3e1
In base 4, what is 10110 + 3122?
13232
In base 13, what is 2 - 11458?
-11456
In base 8, what is -715 - 126?
-1043
In base 7, what is -1013204 + -3?
-1013210
In base 5, what is 320140 + 22?
320212
In base 13, what is -12 - -428?
416
In base 8, what is 0 + 373232?
373232
In base 12, what is -2 - 43284b?
-432851
In base 3, what is -1100010202 - 20?
-1100010222
In base 9, what is -187631 + -4?
-187635
In base 5, what is -444434422 - -2?
-444434420
In base 7, what is -111213 + 10?
-111203
In base 13, what is 2445 + -ac?
2366
In base 9, what is -3137 + -200?
-3337
In base 14, what is -b7 - 3003?
-30ba
In base 13, what is 9446a0 - 5?
944698
In base 13, what is -27 - 629?
-653
In base 5, what is -3 + -13323?
-13331
In base 5, what is 1 - -3432313?
3432314
In base 6, what is -34451 + 512?
-33535
In base 12, what is -2a + -a475?
-a4a3
In base 13, what is -31 + 7b90?
7b5c
In base 3, what is -2000202 - -121202?
-1102000
In base 11, what is -32780 - 0?
-32780
In base 3, what is 20011011002212 + -12?
20011011002200
In base 14, what is -872 + 16?
-85a
In base 12, what is -8 + 32a7?
329b
In base 14, what is 1 - 237cb3?
-237cb2
In base 15, what is a438b - -2?
a438d
In base 8, what is -16 + -167333?
-167351
In base 2, what is 100 + 11100100100011?
11100100100111
In base 15, what is 329 + -1a1?
178
In base 7, what is -125162 - 5?
-125200
In base 14, what is b9 - 3?
b6
In base 15, what is 3 - -17e66?
17e69
In base 9, what is 5202 + 207?
5410
In base 4, what is 300233311 + -2?
300233303
In base 14, what is bb + -28a3?
-27c6
In base 11, what is 5 - -397?
3a1
In base 6, what is 115 - -100040?
100155
In base 6, what is 134044 - 5?
134035
In base 12, what is -13a + b4?
-46
In base 10, what is -1 + -28215?
-28216
In base 5, what is 2333 + 131?
3014
In base 8, what is -16043407 + -3?
-16043412
In base 4, what is -11122100 - 31?
-11122131
In base 3, what is 102122020 - -212?
102200002
In base 16, what is -8ce - 223?
-af1
In base 8, what is 40 + -607?
-547
In base 9, what is 3683 + 6?
3700
In base 2, what is -11010 - -101010010000?
101001110110
In base 2, what is 11 - -1101100000100100?
1101100000100111
In base 16, what is -5 + 26cb?
26c6
In base 10, what is -4 - 16072?
-16076
In base 5, what is 413424 + -13?
413411
In base 13, what is b5135 - 4?
b5131
In base 6, what is 310523 + 23?
310550
In base 12, what is -11 - -53b4?
53a3
In base 7, what is 2 + 22204?
22206
I